7*l. Suppose -55*c + 49*c + l = 0. Is c composite?
False
Let z = 1938 + -1308. Suppose -8*m - 94 + z = 0. Is m a prime number?
True
Let z be 141/6 + 1/2. Suppose -a - z = 3. Is (a - 2)/((-3)/21) a composite number?
True
Suppose 2*c = -2*j - 1558, -4*j - 2337 = 5*c - 2*c. Let p = 1656 + c. Is p a composite number?
False
Suppose 0 = -3*b + 2*x - 9 + 2, 0 = -3*b - x + 8. Is 3/6*b*154 composite?
True
Let s be (-1)/8 + (-100)/(-32). Suppose 0*c - 2*w = 4*c - 26, -s*c + 3*w = 3. Suppose -5*t = -c*l - 563, 3*t + 3*l = 451 - 124. Is t prime?
False
Let c be 10/3*(148/8 - 2). Is 46135/c - 4/(-22) composite?
False
Let k be 6/27 - -1*(-615052)/(-36). Suppose -4*n + k = 5*h, 0 = -3*n - 3*h + 7*h + 12775. Is n prime?
False
Let n be 15/9*230646/65. Suppose -5*t = -3*m - 35, t - 4*t - 5*m - 13 = 0. Suppose u = -2, 6*u - n = -t*j + u. Is j prime?
True
Suppose -4*b = -4*n - n - 4731, 2*n = 10. Is b composite?
True
Suppose -3*t - 15011 = 2*v - 6*v, -2*v - 2*t = -7488. Is v composite?
True
Let t(d) = d**2 + 2*d - 3. Let s be t(2). Suppose 3*h = -4*p - 0*h + 754, -3*h - 929 = -s*p. Is p a prime number?
False
Let f(o) = 137*o + 158. Is f(39) composite?
False
Let n(r) = 3*r**2 - 11*r - 5. Suppose 0*x - 4*x = 5*p - 36, -16 = -p - 3*x. Suppose -2*q - 3*q + 30 = p*j, j + 45 = 4*q. Is n(q) composite?
True
Suppose 4*c = n - 20, 7*n - 3*n - 5*c = 91. Suppose 3*g = -g + n. Is 102*4/g - 1 composite?
False
Suppose 2*z = 6*z + 24. Let u = -12480 + 18210. Is u/14 + z/21 prime?
True
Suppose 2*b + 5*x = 58 + 61, -2*b + 2*x = -98. Let h = -39 + b. Is h prime?
True
Suppose -120837 = -5*k - 4*y + 239270, 4*y + 360083 = 5*k. Is k prime?
True
Let v = 57632 + -40221. Is v prime?
False
Suppose 12*h - 13*h = -69. Suppose 2*a + h = 233. Suppose -133 = -l + a. Is l prime?
False
Let u(y) = y**2 - 10*y + 6. Let p be u(8). Let z = -20 - p. Is 1936/10 + (-4)/z a composite number?
True
Let s(l) = 7*l**2 + 15*l - 5. Let m(r) = 6*r**2 + 14*r - 4. Let n(v) = 6*m(v) - 5*s(v). Let y be n(-16). Let z = -55 + y. Is z a prime number?
False
Is -8 - (-700)/90 - (-82750)/18 a composite number?
False
Let i(y) = 5*y**2 - 16*y - 29. Suppose 5*r + 76 - 26 = 0. Is i(r) a composite number?
False
Let v(d) = 4*d**3 + 3*d**2 - 2*d + 2. Let b be v(2). Suppose b = 4*p - 14. Suppose 4*h + p = 5*q, 0 = h - 4. Is q a composite number?
True
Suppose -3*k = -6*k + 2*p + 8463, k - 5*p = 2834. Is k a composite number?
False
Let n be (-3 + 4)*(-13 + 2). Let s = -14 - n. Is (-3 + 5 + s)*-4 a prime number?
False
Let n(x) = -x**3 - 2*x**2 + 16*x + 7. Let h be n(-5). Suppose -h*p - 962 = -2*r + p, -4*r + 1908 = 2*p. Is r a composite number?
True
Suppose 57*a - 67*a = -38210. Is a a composite number?
False
Let f = 6378 + -9850. Let h be 1/3 + f/(-24). Let c = h - 92. Is c a prime number?
True
Suppose -4*r = b - 2225, 0 = 3*r + 10 - 1. Is b prime?
True
Let r(g) = -2*g + 26. Let d be r(12). Suppose 0 = -2*y + 2*t + 776, d*y - 1327 = -4*t - 521. Is y a prime number?
False
Is 10 + -6 + -4 + 5111 composite?
True
Let t(c) = -5*c**2 + c + 5. Let h(m) = -9*m**2 + 2*m + 9. Suppose -w - 4*w - 11 = 3*a, -2*w + 1 = 3*a. Let g(r) = w*h(r) + 7*t(r). Is g(-3) prime?
True
Suppose 0 = 3*p - 5414 - 1585. Is p composite?
False
Let t(f) = -26*f + 1373. Is t(0) prime?
True
Let w be (3 - 3 - 0)/(-2). Suppose -5*n = 2*b - w*b - 1293, -2*b - 1297 = -5*n. Is n prime?
False
Let p = 336 + -1104. Suppose -1642 - 733 = 5*t. Let v = t - p. Is v prime?
True
Suppose -13*p = -3546 - 53641. Is p prime?
False
Let q be 27/(4 - (-87)/(-21)). Let g = q - -638. Is g prime?
True
Suppose 5*j = 653 + 2157. Is j a prime number?
False
Let f = -30 - -1145. Is f a composite number?
True
Let f(o) be the second derivative of 17*o**4/3 + 2*o**3/3 + 5*o**2/2 + 3*o. Is f(-2) prime?
True
Let x(y) = -34*y**3 + 10*y**2 - 28*y + 6. Let u be x(6). Is u/(-12)*(-14)/(-3) composite?
True
Let l(b) = -5*b + 27. Let o be l(6). Is (4 - (-3556)/12) + (-2)/o composite?
True
Suppose -3*y = -4*q + 240, 326 = 3*q + 4*y + 121. Suppose 0 = 6*o + 3*o - q. Is o a prime number?
True
Let z(a) = a**2 - 6*a - 9. Let r(g) = g. Let f(x) = -2*r(x) - z(x). Let q be f(7). Is ((-25)/3)/(4/q) prime?
False
Suppose -11*i = -3*i - 16936. Is i composite?
True
Let g(t) be the second derivative of 419*t**4/12 + t**3/6 + t**2/2 - 11*t. Is g(-1) a prime number?
True
Let r be (-20)/(-8)*-1*59*-2. Suppose s - r = -0*s. Is s prime?
False
Suppose p - 3 = -2*p, 5*x - 923 = 2*p. Is x a prime number?
False
Suppose -q + 121 = q - 3*c, -5*c = -2*q + 123. Let r = q + -12. Suppose -n + 4*f + r = 0, -3*n + 12 + 143 = -5*f. Is n composite?
True
Suppose -g + 3*y + 13 = 3, 3*y + 5 = -4*g. Let n = 1 + g. Suppose -3*u - c + 485 = 0, -u + 5*c = -n*u + 143. Is u a prime number?
True
Let m = -14538 - -77567. Is m a composite number?
False
Let c(p) be the first derivative of 7*p**2/2 + 2. Let q be c(5). Is (-28)/q*(-890)/4 composite?
True
Let f(k) = -14*k**3 + 5*k**2 - 1. Let a(q) = -q**2 - 16*q - 21. Let x be a(-15). Is f(x) a prime number?
True
Let i(p) = 14*p**3 - 5*p**2 + p**2 - 10*p + 10 - 15*p**3. Is i(-9) prime?
False
Let c be 0 - ((-203)/(-63) + (-2)/9). Let t(a) = 34*a**2 + 14*a - 1. Is t(c) a composite number?
False
Let v = -1193 + 2652. Is v composite?
False
Let s(l) = 15*l + 14. Suppose 2*p = 5 + 11. Let c be s(p). Suppose 5*i + 619 = 4*v, -2*i + 359 = 3*v - c. Is v a prime number?
False
Let d be 3130 - (1 + (-9)/3). Suppose 791 = w + j, -5*w + d = -w - 4*j. Is w a composite number?
False
Suppose 4*p + c - 72918 = 0, -8*c + 8 = -4*c. Is p composite?
False
Let w(j) = 51*j**2 + 13*j + 49. Is w(15) a prime number?
True
Let n be ((-9020)/16)/(-5)*-4. Let v = -230 - n. Suppose 0*k - 3*k + 4*s = -711, -k + v = 4*s. Is k composite?
False
Let k be 3 - (-4 + 1) - -3. Let i(c) = 9*c - 2. Let o be i(k). Suppose -3*h = o - 676. Is h a composite number?
False
Suppose 41 = 4*v - 2*d + 7*d, v - 8 = d. Suppose -4*f = -v + 1. Suppose 4*s + 8 = 2*a - 86, 2*s = f*a - 96. Is a composite?
True
Let f(m) = 4270*m - 7. Is f(5) composite?
True
Let z(t) be the first derivative of -t**3/3 + 3*t**2 - 5*t - 1. Let f be z(6). Let k(a) = -a**3 - 3*a**2 - a + 4. Is k(f) a composite number?
False
Is (-473655)/(-78) - 3/(-2) composite?
True
Let m = 10 - 15. Let q be (-54)/(-15) - (-3)/m. Suppose -q*l = 121 - 754. Is l a composite number?
False
Let f = 27 - 23. Suppose -y = 3*x + 1, -f*y + 2*x - 56 = y. Let c(g) = -4*g - 5. Is c(y) composite?
True
Let p = -126 + 181. Let b(c) = 27*c - 112 + 109 + p*c. Is b(1) a composite number?
False
Suppose 4*m - 5*o - 16587 = 0, m - 4138 = -o + 4*o. Is m a prime number?
True
Let p(j) = 24*j**2 + j + 40. Is p(-11) composite?
True
Let y(q) = q**3 + 2*q**2 - 6*q - 1. Let d be y(-4). Let v = -10 - d. Is (v + 3)/((-4)/(-92)) a composite number?
True
Let a be (-1 - -2)/(2/14). Suppose v - a*r = -2*r + 126, -330 = -3*v - r. Is v prime?
False
Suppose 3*t = k + 500, -2*t - 340 = -4*t + 4*k. Suppose -4*l = -2*p + t, 4*p - 87 - 219 = -5*l. Is p a composite number?
False
Let d(p) = 4*p - 34. Let q be d(9). Suppose 5*c - 11 = 4, -2*i = q*c - 3432. Is i prime?
False
Suppose -2*q = 3*j - 55873, -13267 = 3*j + 4*q - 69144. Is j prime?
False
Suppose 0 = 5*k - 0*k + q - 84, 2*k = -5*q + 29. Suppose 468 = c - k. Is c prime?
False
Let b(h) = 2*h - 9. Let a be b(4). Let l(i) = -3110*i**3 + 2*i**2 + i. Let x be l(a). Is x/12 - (-4)/(-16) a prime number?
False
Let a(y) = -8*y + 26*y**2 - 4*y + 4*y - 10*y - 3. Is a(-7) composite?
True
Let h = 16 + -18. Is (-981)/h - (-21)/(-14) a composite number?
True
Let r(a) = 3*a**3 + 3*a**2 - 18*a + 7. Let n(l) = 6*l**3 + 7*l**2 - 37*l + 15. Let x(t) = -4*n(t) + 7*r(t). Is x(-11) a composite number?
True
Let h(g) = 38*g + 3. Let r(y) be the third derivative of y**6/120 + y**5/5 + y**4/24 + 7*y**3/3 + 11*y**2. Let a be r(-12). Is h(a) composite?
False
Is -2*((-200501)/6 + 26/(-39)) prime?
False
Let j = -1000 - -15941. Is j composite?
True
Let v = -16 + 11. Let x = -2 - v. Suppose x*g - 399 - 732 = 3*q, -5*q = -3*g + 1139. Is g a prime number?
True
Let q = 377 + -74. Let v = -154 + q. Is v composite?
False
Let j(d) = d**3 - d**2 - d - 1562. Let l be j(0). Let m = 2224 + l. Is m prime?
False
Let c(g) = 31*g**3 + 8*g**2 + 10*g + 1. Let u be c(8). Suppose -4*d + u = 693. Is d a composite number?
False
Let c be